{"id":1081,"date":"2019-09-13T18:09:41","date_gmt":"2019-09-13T18:09:41","guid":{"rendered":"https:\/\/skudmart.la-studioweb.com\/?post_type=product&#038;p=1081"},"modified":"2020-09-07T08:54:02","modified_gmt":"2020-09-07T06:54:02","slug":"personalizado","status":"publish","type":"product","link":"https:\/\/protegetuspinyos.com\/eng\/mouth-gaurd\/personalizado\/","title":{"rendered":"Custom Mouth Guard"},"content":{"rendered":"<div class=\"brand-row\">\n<div class=\"brand-img\"><img decoding=\"async\" loading=\"lazy\" class=\"alignnone wp-image-2055 size-medium\" src=\"https:\/\/protegetuspinyos.com\/wp-content\/uploads\/2020\/07\/13bucal-personalizado-negro-300x300.jpg\" alt=\"\" width=\"300\" height=\"300\" srcset=\"https:\/\/protegetuspinyos.com\/wp-content\/uploads\/2020\/07\/13bucal-personalizado-negro-300x300.jpg 300w, https:\/\/protegetuspinyos.com\/wp-content\/uploads\/2020\/07\/13bucal-personalizado-negro-150x150.jpg 150w, https:\/\/protegetuspinyos.com\/wp-content\/uploads\/2020\/07\/13bucal-personalizado-negro-600x600.jpg 600w, https:\/\/protegetuspinyos.com\/wp-content\/uploads\/2020\/07\/13bucal-personalizado-negro-100x100.jpg 100w, https:\/\/protegetuspinyos.com\/wp-content\/uploads\/2020\/07\/13bucal-personalizado-negro.jpg 633w\" sizes=\"(max-width: 300px) 100vw, 300px\" \/><\/div>\n<div class=\"brand-desc\">\n<p><span style=\"font-weight: 400;\">Protector bucal personalizable fabricado con materiales \u00f3ptimos para ofrecer una sujeci\u00f3n firme, y que acolcha los golpes. Se adapta a la forma de tus dientes despu\u00e9s de cada hervido. No contiene latex, ni materiales al\u00e9rgenos.<\/span><\/p>\n<p><span style=\"font-weight: 400;\">Bucal ligero disponible en blanco, verde, amarillo, azul y negro.<\/span><\/p>\n<p class=\" translation-block\"><span style=\"font-weight: 400;\">Indications for use, see the back of the box or consult our <a href=\"https:\/\/youtu.be\/9a3JzY8Yo5c\" target=\"_self\" rel=\"noopener noreferrer\">explanatory video<\/a>. <\/span><\/p>\n<p><span style=\"font-weight: 400;\">Bucal muy indicado tanto\u00a0 para deportes de contacto como de equipo.<\/span><\/p>\n<\/div>\n<\/div>","protected":false},"excerpt":{"rendered":"<p><span style=\"font-weight: 400;\">Mi bucal deportivo personalizado para deportes de contacto y de equipo, se ajusta a la forma de tu dentadura, y al dise\u00f1o que nos mandes. <\/span><\/p>","protected":false},"featured_media":2055,"comment_status":"open","ping_status":"closed","template":"","meta":[],"_links":{"self":[{"href":"https:\/\/protegetuspinyos.com\/eng\/wp-json\/wp\/v2\/product\/1081"}],"collection":[{"href":"https:\/\/protegetuspinyos.com\/eng\/wp-json\/wp\/v2\/product"}],"about":[{"href":"https:\/\/protegetuspinyos.com\/eng\/wp-json\/wp\/v2\/types\/product"}],"replies":[{"embeddable":true,"href":"https:\/\/protegetuspinyos.com\/eng\/wp-json\/wp\/v2\/comments?post=1081"}],"wp:featuredmedia":[{"embeddable":true,"href":"https:\/\/protegetuspinyos.com\/eng\/wp-json\/wp\/v2\/media\/2055"}],"wp:attachment":[{"href":"https:\/\/protegetuspinyos.com\/eng\/wp-json\/wp\/v2\/media?parent=1081"}],"curies":[{"name":"wp","href":"https:\/\/api.w.org\/{rel}","templated":true}]}}